st the prime factors of p.
3, 5
Let o(v) = -15*v**2 - 54*v - 155. Let f(m) = -10*m**2 - 36*m - 103. Let c(s) = 7*f(s) - 5*o(s). List the prime factors of c(-9).
3, 11
Suppose 0 = -5*b - 3*v + 110, 2*b - 4*v = b - 1. Let n = b + -14. What are the prime factors of -1 + 1 - (n + -21)?
2
Let j be (-3)/18 + (-38)/(-12). Suppose -465 = -4*t + z, 5*t + 7*z - j*z = 597. What are the prime factors of t?
3, 13
Let v = 2510 - 622. List the prime factors of v.
2, 59
Suppose -z + 1 - 4 = 0, -97 = -2*s - z. Suppose 4*v + 3*m - 197 = s, 5 = 5*m. What are the prime factors of v?
61
Suppose -2*y + 0 - 1 = -5*f, 0 = -2*y + 4*f + 2. Let r = y - -32. What are the prime factors of r?
3, 13
Let d = 45 - 151. Let r = -47 - d. What are the prime factors of r?
59
Let y be ((9 - 5)/(-4))/((-2)/30). Suppose 10*f + 235 = y*f. List the prime factors of f.
47
What are the prime factors of -1 + (-5 + 2/1)*-297?
2, 5, 89
Let s(b) = -2*b + 20. Let d be s(-14). Let n = d - 25. List the prime factors of n.
23
Let k(r) = -r**3 + 7*r**2 - 8. What are the prime factors of k(4)?
2, 5
Let n be ((-14)/(-28))/(((-2)/2264)/(-1)). Suppose -r - n = -3*v, -v = v - 2*r - 380. What are the prime factors of v?
2, 47
Let y = 9 + -7. List the prime factors of 243/7 - y/(-7).
5, 7
Let w = -913 + 1547. What are the prime factors of w?
2, 317
Suppose 7*u = -3915 + 15997. List the prime factors of u.
2, 863
Let t be 2/(-6)*0 - 7. Let j(v) = v**2 + 7*v - 17. Let h be j(t). List the prime factors of (-10)/(-4) + h/(-34).
3
Suppose 0*i = -27*i + 3537. List the prime factors of i.
131
Suppose 3*s - 255 = -f, 0*f + 4*f = s + 1059. Suppose -f = -3*r + 3*z, 2*r = -3*r - 2*z + 433. What are the prime factors of r?
3, 29
Let p = 189 + 756. List the prime factors of p.
3, 5, 7
Let y = -143 + -393. What are the prime factors of y/(-14) + (-6)/21?
2, 19
Let h(k) = 2*k + 56. Let n be h(-27). Suppose 0 = b - 2*g - 155, 0 = -3*b + n*g - g + 480. List the prime factors of b.
7, 23
Suppose -20 = -32*d + 30*d. Suppose 9*m = d*m + 17. Let w = 23 + m. List the prime factors of w.
2, 3
List the prime factors of (5200/(-140))/((-3)/63).
2, 3, 5, 13
Let r(z) = -3*z - 7 + 2*z + 1 + 3. Let i be r(-7). Suppose h - 3*x = -2*h + 93, 0 = -2*h - i*x + 68. What are the prime factors of h?
2
Let w = -41 + 81. Let v = w + -13. List the prime factors of v.
3
Let l = -58 - -651. Let t = l - 386. List the prime factors of t.
3, 23
Suppose -2*l - 1 = -3*j, -j - 2*l + 7*l + 22 = 0. List the prime factors of 658/8 - j/4.
83
Let t(q) = -28 - 9*q + 28. Let h be t(3). What are the prime factors of 6/h + (-1945)/(-45)?
43
Let j(t) be the third derivative of t**6/120 - t**5/12 + t**4/12 + 7*t**3/6 + 17*t**2. What are the prime factors of j(7)?
7, 17
Let d be (1/3)/(2/6). Let q = -12 + d. Let b = q - -15. List the prime factors of b.
2
Let o(r) = 9*r**3 - 10*r**2 + 4*r - 49. What are the prime factors of o(5)?
2, 3, 47
Suppose -72 = -2*x - o, -4*o + 27 = x + o. List the prime factors of x.
37
Suppose 3*r = -6*z + z + 2282, -5*r + 3830 = -5*z. List the prime factors of r.
2, 191
Let z = -59 - -62. Suppose 0 = z*w - 12, 678 = 4*s + 4*w - 166. What are the prime factors of s?
3, 23
Suppose -u + 2238 = a, 30*a = 5*u + 25*a - 11210. List the prime factors of u.
2, 5, 7
Suppose -44*c + 11445 = -23*c. List the prime factors of c.
5, 109
Let t(c) = 44*c - 157. Let m be t(5). Suppose -4*v + v = 0. Suppose 3*o - m = -v*o. List the prime factors of o.
3, 7
What are the prime factors of -2 + (-2 + 5 - -137)?
2, 3, 23
Suppose -208 = -n - v, 0 = 5*v - 7 + 2. Suppose -2*c = -9 - n. List the prime factors of c.
2, 3
Suppose 40*c - 44*c + 424 = 0. Suppose -7*m + c = -5*m. List the prime factors of m.
53
Let y = 72 - 75. List the prime factors of y*(-40)/6 + -1.
19
List the prime factors of (-4)/6*1 + (-29252)/(-12).
2437
Let q be 6 + -7 + (8 - 4). Suppose -1 = 4*v - q*i, -3*v - 2*i = -v - 10. Suppose 3*b = -g + 56, -v*b - 4 = -4*g - 18. List the prime factors of b.
17
Let m = -243 - -346. Let a = -47 + m. What are the prime factors of a?
2, 7
Let x(l) = l**3 - 8*l**2 - 16*l + 11. Let h = 46 - 35. What are the prime factors of x(h)?
2, 3, 11
Suppose 13*g = -4*g + 11203. List the prime factors of g.
659
Let b(q) = -q - 3 + 4 + 0*q**2 + q**2 + 4. List the prime factors of b(0).
5
Let s(l) be the second derivative of -l**3/6 + l**2/2 + 9*l. Let i be s(-4). Suppose i*p - 53 = -4*z, 3*z + z - 62 = -2*p. List the prime factors of z.
17
Let j(u) = 152*u + 13. List the prime factors of j(3).
7, 67
Suppose 37*r + 7 = 36*r. Let y = r - -54. List the prime factors of y.
47
Let c be (-3 + 1 - -3)*16/4. List the prime factors of (c - (-5 - 2))/((-1)/(-17)).
11, 17
Suppose 19251 = -25*z + 51276. What are the prime factors of z?
3, 7, 61
Let q(g) = g**3 - 11*g**2 + 4*g + 26. Let p be q(11). List the prime factors of 24955/p + 2/4.
3, 7, 17
List the prime factors of (9/(-126)*-7)/((-1)/(-1128)).
2, 3, 47
Let d(t) = t + 47. Let f be d(-31). Suppose 5 = -k, -3*k - 34 + 15 = 4*j. List the prime factors of 676/f + j/4.
2, 3, 7
Let i(r) = 16*r - 4*r + 14 + 0*r - 6*r. List the prime factors of i(10).
2, 37
Suppose 10*u - 78103 + 28253 = 0. What are the prime factors of u?
5, 997
Suppose 0 = -v - 1, 0 = -4*t + 5*v - 1 + 18. Suppose -4*r + r - 30 = -t*c, 3*c = 5*r + 44. List the prime factors of 4 + -2 - r*2.
2
Let i(l) = -3*l - 7. Let r be i(-7). Let m(j) = -2*j + 24. Let f be m(r). List the prime factors of 1/(f/288*-3).
2, 3
Let v = 3 - 16. Let w = 68 - 31. Let h = w + v. What are the prime factors of h?
2, 3
Let j = -12 - -14. Suppose -9 = j*r + r. Let v(z) = -2*z**3 - 3*z**2 + z + 2. What are the prime factors of v(r)?
2, 13
Let s = -138 + 264. Let m = -12 + s. What are the prime factors of m?
2, 3, 19
Let x(c) = c + 5. Let t(k) = -k. Let g(z) = -4*t(z) - x(z). Let p be 6 + 1 + -1 + 0. List the prime factors of g(p).
13
Let l(s) = 5*s**3 - 6*s**2 + 4*s - 8. Let v(u) = 9*u**3 - 12*u**2 + 9*u - 17. Let q(x) = -11*l(x) + 6*v(x). List the prime factors of q(-8).
2, 17
Let l = -4 - -1. Suppose 0 = -2*a + 3*a + 12. Let p = l - a. What are the prime factors of p?
3
Let v(b) = b**3 - b**2 - b + 2. Let d be v(-2). Let i(o) = 2*o**2 - o - 6. What are the prime factors of i(d)?
2, 5, 13
Suppose 0 = 2*x + 4*q - 246, q + q - 254 = -2*x. Let p = x - 60. What are the prime factors of p?
71
Let q = 78 - 28. Let v = 114 - q. What are the prime factors of v?
2
Let v(g) = -127*g + 102. List the prime factors of v(-6).
2, 3
Suppose 0 = -6*t + t + 20. Suppose 2*h = t*g - 748, -g + 2*h + 184 = -0*h. List the prime factors of g.
2, 47
Let q(g) = -g**3 + 19*g**2 - 10*g + 14. Let a be q(12). Suppose -12*z + 1018 = -a. List the prime factors of z.
2, 5
Let g(x) be the third derivative of -8*x**2 + 0 + 0*x + 3/2*x**3 + 1/24*x**4. What are the prime factors of g(7)?
2
Let d be (-2)/(-2)*(1 - (4 + -8)). Suppose 9*q - d*q = 164. List the prime factors of q.
41
Let i = -286 + 423. Let q = i - 95. Suppose 4*f = 2*f + q. List the prime factors of f.
3, 7
Let j be (-3)/2 - 65/(-10). Let o = 7 - j. Let t(v) = -v**3 + 4*v**2 + v - 2. What are the prime factors of t(o)?
2
Let a = 14 + -20. Let j(c) = 8*c + 5. Let z be j(a). Let d = 86 + z. What are the prime factors of d?
43
Let d = 1860 - 1189. List the prime factors of d.
11, 61
Suppose 29*x + 4309 = 30*x - 5*c, 2*x - 4*c = 8630. What are the prime factors of x?
7, 617
Let q(s) = s**3 - 9*s**2 + 4*s - 22. Let k be q(9). Let g(x) = 4*x + 9. What are the prime factors of g(k)?
5, 13
Let o be ((-330)/25)/((-4)/30). Suppose 2*a = -b + o, -4*b + 5*a + 164 = -245. Suppose -3*r + b = 4*v, -r - r + 74 = 4*v. What are the prime factors of r?
3
Suppose 7 = -9*g + 187. What are the prime factors of g?
2, 5
Let d(u) = u**2 + u - 4. Let l be d(-3). Let b(r) = 0*r - 5 - 2*r**3 + 3*r - 2 - 5*r**l + r**3. What are the prime factors of b(-6)?
11
List the prime factors of (-1502725)/(-525) - 4/(-6).
7, 409
Suppose 0 = -4*j - 6*u + 5*u + 4200, -j - 4*u + 1065 = 0. What are the prime factors of j?
1049
Let u = -2031 - -3501. What are the prime factors of u?
2, 3, 5, 7
Suppose 3*q = 3, f + 5*q - 806 = 2*q. List the prime factors of f.
11, 73
Let i = 20 - 8. Suppose -i = -v - 7. List the prime factors of v.
5
Let u = 6 + -2. Suppose 0 = -l - u*l + 4*q - 2, 3*l = -2*q + 12. Suppo